*n - 206. Determine l(20).
-246
Let r(n) = 2*n**2 + 21*n - 171. Give r(-21).
270
Let g(y) = -88*y + 20078. Calculate g(228).
14
Let r(k) = -110*k - 113. What is r(-4)?
327
Let a(y) = 2*y**3 - 152*y**2 - 139*y - 1161. Give a(77).
-6
Let a(x) = 56*x + 73. Determine a(0).
73
Let v(q) = q**2 - 42*q - 20. Determine v(40).
-100
Let n(l) = -1211*l - 20585. Calculate n(-17).
2
Let q(n) = -n**2 + 27*n + 11. Give q(-6).
-187
Let z(t) = -10*t**3 + 2*t**2 + 2*t - 9. Determine z(0).
-9
Let m(y) = -2*y**2 - 12*y + 6. Give m(-7).
-8
Let i(n) = n**3 + 5*n**2 - 57*n + 10. Give i(6).
64
Let z(n) = -n**2 - 58*n + 8374. What is z(-125)?
-1
Let n(o) = 2*o**2 + 29*o + 97. Calculate n(-8).
-7
Let g(k) = -k**2 + 54*k - 580. Calculate g(35).
85
Let w(g) = 21*g + 45. Give w(8).
213
Let p(i) = 360*i - 715. Determine p(2).
5
Let q(d) = -7*d**2 + 401*d + 58. Determine q(57).
172
Let d(s) = s**2 + 154*s + 3388. What is d(-126)?
-140
Let g(d) = -d**3 + 21*d**2 + 87*d - 378. Give g(24).
-18
Let w(p) = -2*p**3 - 2*p**2 + 3*p + 5. Give w(-5).
190
Let g(x) = x**3 - 14*x**2 - 560. Calculate g(16).
-48
Let t(c) = 54*c - 816. Determine t(15).
-6
Let d(w) = w**3 - 5*w**2 + 11*w - 37. What is d(4)?
-9
Let z(o) = 20*o - 279. Give z(8).
-119
Let w(z) = 15*z**2 - 29*z - 22. Give w(3).
26
Let a(s) = 1142*s + 1162. What is a(-1)?
20
Let y(q) = -5*q - 97. Determine y(-18).
-7
Let h(a) = -172*a. Determine h(-1).
172
Let g(k) = k**2 + 142*k - 831. Give g(6).
57
Let c(g) = -93*g + 98. What is c(7)?
-553
Let j(t) = -4*t**2 - 657*t - 805. What is j(-163)?
10
Let b(q) = 2*q**2 + 21*q - 116. Give b(-18).
154
Let l(y) = -y**2 + 4327*y - 8647. Calculate l(2).
3
Let p(q) = 93*q - 833. Calculate p(8).
-89
Let p(a) = -1444*a - 5. Determine p(0).
-5
Let b(j) = -54*j**3 + 157*j**2 + j + 9. What is b(3)?
-33
Let x(n) = 92*n + 68. Calculate x(-2).
-116
Let x(j) = -6*j**2 - 227*j - 54. What is x(-38)?
-92
Let p(r) = 11*r**2 - 27*r - 142. Determine p(5).
-2
Let l(x) = -10*x**2 + 22*x - 7. Give l(6).
-235
Let f(m) = 3*m + 313. Give f(-40).
193
Let s(p) = -132*p + 1919. What is s(15)?
-61
Let r(s) = 7*s**2 + 65*s + 150. Give r(-5).
0
Let f(c) = -766*c + 9211. Calculate f(12).
19
Let h(f) = f**3 - 5*f**2 + 2*f + 6. Calculate h(6).
54
Let j(d) = -2*d**2 - 258*d + 1037. Give j(4).
-27
Let x(h) = -146*h - 5754. Calculate x(-39).
-60
Let k(o) = -o**3 - 22*o**2 - 41*o + 79. What is k(-20)?
99
Let g(o) = -2*o**3 - 84*o**2 - 28*o - 1201. Give g(-42).
-25
Let x(q) = -71*q + 2929. Give x(41).
18
Let g(r) = -386*r + 1472. Calculate g(5).
-458
Let x(p) = p**3 - 68*p**2 - 779*p - 78. Determine x(78).
0
Let k(l) = 556*l - 8344. What is k(15)?
-4
Let g(v) = -2*v**3 + 88*v**2 + 27*v - 1205. Determine g(44).
-17
Let d(v) = -v**2 + 206*v - 10547. Calculate d(111).
-2
Let j(d) = d**2 + 90*d + 1803. What is j(-60)?
3
Let m(h) = h**3 - 4*h**2 - 22*h + 35. Give m(-8).
-557
Let h(d) = 20*d**2 - 187*d + 84. Determine h(9).
21
Let n(a) = 101*a - 4143. Give n(41).
-2
Let q(x) = 5*x**3 - 37*x**2 - 12*x - 90. Give q(8).
6
Let i(d) = 16*d + 51. What is i(-7)?
-61
Let j(r) = -r**2 - 22*r - 80. What is j(8)?
-320
Let i(o) = -o**2 + 65*o - 16. Determine i(66).
-82
Let v(n) = 3*n + 223. What is v(-69)?
16
Let l(x) = x**3 + 20*x**2 + 56*x - 10. Calculate l(-17).
-95
Let h(t) = -12*t + 39. What is h(-17)?
243
Let y(l) = l**2 - 45*l - 96. Determine y(49).
100
Let r(d) = 13*d**2 - 13*d - 26. What is r(2)?
0
Let k(q) = 3*q**2 + 69*q - 512. Determine k(-28).
-92
Let d(b) = -b**3 + 26*b**2 - 61*b - 15. Give d(24).
-327
Let o(x) = x**2 - 144. Calculate o(12).
0
Let x(f) = 2*f**3 - 68*f**2 + 12*f - 33. Give x(34).
375
Let n(m) = m**3 - 15*m**2 - 190*m + 573. What is n(-10)?
-27
Let y(a) = -a**2 + 42*a + 243. Calculate y(46).
59
Let w(g) = -679*g**2 + g + 1. Calculate w(-1).
-679
Let g(m) = -m**2 - 14*m + 66. Determine g(4).
-6
Let y(n) = -n**3 + 75*n**2 - 81*n + 44. What is y(74)?
-474
Let p(o) = o**3 - 124*o**2 + 1731*o - 346. Calculate p(108).
-22
Let g(w) = -w**2 + 72*w - 1100. What is g(46)?
96
Let s(j) = -59*j - 419. Give s(-11).
230
Let t(s) = 3*s**3 + 45*s**2 + 3*s + 56. Determine t(-15).
11
Let q(s) = -136*s - 55. What is q(-2)?
217
Let n(m) = -43*m - 272. Give n(-11).
201
Let b(o) = -26*o + 501. Give b(19).
7
Let v(k) = 2*k**2 - 16*k + 24. Calculate v(7).
10
Let m(a) = -a**3 + 14*a**2 + 31*a - 6. What is m(16)?
-22
Let h(y) = 2*y**3 + 12*y**2 - 4*y - 44. Give h(-5).
26
Let y(b) = -9*b + 191. Give y(32).
-97
Let z(q) = -q**3 + 6*q**2 + 26*q - 152. Give z(6).
4
Let m(p) = 4881*p + 58576. Determine m(-12).
4
Let v(k) = 112*k + 4035. Calculate v(-36).
3
Let l(y) = 103*y + 6. Give l(3).
315
Let s(q) = 2*q**2 - 247*q + 4299. What is s(21)?
-6
Let d(v) = -10*v + 285. Give d(32).
-35
Let s(u) = -11*u**2 - 694*u - 2. What is s(-63)?
61
Let n(w) = -24*w - 968. Determine n(-35).
-128
Let u(j) = 3*j**2 - 9*j - 23. Determine u(-10).
367
Let u(y) = 3*y**3 + 140*y**2 - 56*y - 87. Determine u(-47).
336
Let p(u) = 36*u - 696. Calculate p(21).
60
Let q(k) = 5*k**3 - 104*k**2 - 63*k + 884. Calculate q(21).
2
Let u(l) = -l**3 + 33*l**2 + 539*l + 30. What is u(45)?
-15
Let n(h) = h**3 - 7*h**2 + 90*h - 978. What is n(9)?
-6
Let f(o) = 2*o**2 + o + 5. Give f(4).
41
Let f(k) = -7*k + 29. Give f(41).
-258
Let x(y) = y**2 - y - 3051. Calculate x(56).
29
Let a(k) = -41860*k + 41857. Calculate a(1).
-3
Let x(n) = 45*n**2 - 23*n - 19. Give x(-1).
49
Let a(z) = z**3 - 10*z**2 - 49*z + 130. Give a(13).
0
Let r(o) = o**3 + 28*o**2 - 47*o - 28. Give r(-30).
-418
Let s(x) = x**3 - 36*x**2 + 4*x - 139. Determine s(36).
5
Let u(h) = 21*h**3 - 4*h**2 + 6*h - 2. What is u(1)?
21
Let o(w) = 372*w + 1453. Calculate o(-4).
-35
Let o(a) = -a**3 + 8*a**2 + 41*a - 278. Calculate o(6).
40
Let p(h) = 220*h - 1108. What is p(5)?
-8
Let t(n) = -5*n**2 - 143*n - 8. What is t(-29)?
-66
Let s(x) = x**2 + 41*x + 144. Give s(-37).
-4
Let z(c) = 106*c + 29. Give z(1).
135
Let o(a) = 4*a**2 + 252*a - 291. Give o(-64).
-35
Let l(b) = b**2 - 62*b - 125. Determine l(64).
3
Let n(h) = 2*h**2 + 16*h - 8. Calculate n(-13).
122
Let h(b) = 1257*b - 6278. Give h(5).
7
Let j(n) = 54*n - 329. What is j(1)?
-275
Let b(c) = 18*c**2 - 254*c + 222. Give b(13).
-38
Let x(z) = 936*z + 43052. Calculate x(-46).
-4
Let g(z) = -84*z + 10337. Give g(123).
5
Let h(z) = -z**3 + 8*z**2 - 45*z + 8. Give h(5).
-142
Let o(t) = t**2 - 821*t - 821. Give o(-1).
1
Let q(z) = 2*z**2 - 8*z - 10. What is q(11)?
144
Let v(u) = 10*u**2 + 125*u - 216. What is v(-14)?
-6
Let o(z) = -26*z - 4103. Give o(-158).
5
Let j(r) = 3*r**2 + 327*r - 8646. Determine j(22).
0
Let b(h) = -6*h**2 - 18*h - 19. Calculate b(-1).
-7
Let v(c) = 104*c**2 + 1143*c + 9. What is v(-11)?
20
Let q(u) = 9*u**2 + 32*u + 17. Calculate q(0).
17
Let m(i) = 6*i**2 - 2*i - 290. Give m(-11).
458
Let y(q) = -q**3 + 32*q**2 + 209*q - 3. Give y(-6).
111
Let w(y) = y**2 + 13*y + 6. Give w(-16).
54
Let q(z) = 392*z + 1567. Calculate q(-4).
-1
Let d(f) = -20*f + 5. What is d(-6)?
125
Let j(o) = 32*o - 712. Give j(22).
-8
Let p(z) = 2*z**2 - 244*z + 2630. What is p(110)?
-10
Let q(m) = -74*m**2 - 313*m + 10. Give q(-4).
78
Let n(o) = o**3 - 3*o**2 - 473*o + 1. Determine n(0).
1
Let m(c) = 30*c - 473. Determine m(17).
37
Let d(i) = 186*i**2 - 13021*i + 66. Calculate d(70).
-4
Let m(l) = l**2 + 52*l - 1439. Give m(-72).
1
Let s(y) = 27*y + 3804. Determine s(-139).
51
Let v(i) = -2647*i - 2639. What is v(-1)?
8
Let r(w) = -w**3 - 81*w**2 + 92*w + 833. Calculate r(-82).
13
Let f(q) = -q**3 - 8*q**2 - 17*q - 4. Give f(-4).
0
Let s(b) = b**3 + 261*b**2 + 506*b - 3114. Give s(-259).
-6
Let t(d) = 21*d + 2069. What is t(-98)?
11
Let m(a) = -25*a + 918. Determine m(52).
-382
Let u(p) = -p**3 + 9*p**2 - 16*p - 6. What is u(5)?
14
Let u(r) = -17069*r - 290166. Determine u(-17).
7
Let t(c) = -c**2 + 24*c + 49. Calculate t(8).
177
Let t(s) = -s**3 + 2*s**2 - 6*s - 2. Calculate t(5).
-107
Let v(a) = 50*a + 3141. What is v(-59)?
191
Let b(q) = 8*q**2 - 3*q - 6. Calculate b(-6).
300
Let v(t) = -77*t + 1229. Give v(16).
-3
Let q(f) = 2*f**2 - 9*f - 10. Give q(-1).
1
Let q(u) = -4*u - 90. Give q(-60).
150
Let v(y) = -17*y - 200. Determine v(5).
-285
Let x(d) = 9*d + 145. Give x(-17).
-8
Let r(q) = 40*q**2 + 9*q + 8. Determine r(-2).
150
Let d(m) = -m**3 - 66*m**2 + 132*m + 226. Give d